et r(t) be the first derivative of t**2/2 + 34*t - 20. What is the units digit of r(18)?
2
Let s(h) = -h + 12. Let d(y) = -2*y + 11. Let q(v) = -6*d(v) + 7*s(v). Let j be q(22). What is the units digit of (j/(-192))/(1*2/(-21))?
7
Suppose 3852 = 6*j - 4494. What is the hundreds digit of j?
3
Let z(c) = -3*c + 33. Let y be z(9). Suppose 0 = t + t - 4*w - 18, 0 = -2*w - y. Suppose -5*u + t = -17. What is the units digit of u?
4
Let x(f) = 17*f**2 + 51*f**2 + 5 + f**2 + 4*f. Suppose 2 = 5*g + 7. What is the units digit of x(g)?
0
Let a be (-2)/(-26) + (-62408)/104. Let g = a - -1052. What is the units digit of g?
2
Suppose 0 = -9*r + 7*r + 392. Let n be (r/5)/(8/20). Suppose 2*o - 29 = 3*c + 72, 2*o - n = 4*c. What is the tens digit of o?
5
Suppose -4*m = 8, 11 = -b + 6*m - m. Let j be (30/b - 0)*-35. Let k = j - -30. What is the units digit of k?
0
Let v be -4*(-5)/40*10. Suppose -31 = -v*y - o + 1070, 0 = -2*y - 2*o + 442. Suppose a = -4*a + y. What is the units digit of a?
4
Let l(d) = -23*d**3 + 6*d**2 - 76*d - 385. What is the thousands digit of l(-5)?
3
Suppose 34145 - 33028 + 184033 = 35*w. What is the hundreds digit of w?
2
Suppose s = -2*v + 5070, -v + 15235 = 197*s - 194*s. What is the thousands digit of s?
5
Suppose -5*b + 287 = j - 202, 2*b = 4*j + 200. Let h = -3177 + 3451. Let a = h - b. What is the tens digit of a?
7
What is the tens digit of ((-8)/(-32)*3)/(-3 + 304182/101392)?
7
Suppose -14*w + 24*w - 56*w + 307786 = 0. What is the hundreds digit of w?
6
Suppose 0 = -2*g - 3*g + 65. Let l(v) be the first derivative of 3*v**2/2 + 8*v - 2077. What is the tens digit of l(g)?
4
Suppose -8000720 = 6*y - 320*y. What is the hundreds digit of y?
4
Let p(k) = 3*k**2 + 7*k. Let s be p(-8). Let b = s - 53. What is the units digit of b?
3
Let r(z) = z**2 + 3*z + 6. Let h = 10 + 45. Let n be (-10)/h + (-163)/11. What is the hundreds digit of r(n)?
1
Let t(r) = 5688*r - 385. What is the ten thousands digit of t(4)?
2
Let n = -16261 - -16261. Let b(l) = -3*l - 2. Let p be b(-2). Suppose n = v + 4*a - 8, -5*a + 1 = -p. What is the units digit of v?
4
Let f be 3/(-18) - ((-455)/30)/13. What is the tens digit of (f/(-6)*28)/((-3)/279)?
3
Suppose -5*y - 782 + 4287 = 3*a, -2*y + a = -1391. Suppose 0 = 3*x - l - 2179, l - 2205 = -4*x + y. What is the tens digit of x?
2
Let d = 4500 - -7028. What is the ten thousands digit of d?
1
Suppose -12*c + 11 = -c. Let b(k) = 385*k. What is the hundreds digit of b(c)?
3
Let m = 57961 + -32308. What is the thousands digit of m?
5
Let n(b) = 16*b + 37*b**2 + 67 - 40*b + 0*b**3 + 14*b + b**3. What is the tens digit of n(-37)?
3
Let l(c) = -18*c - 74. Let m be l(-5). Suppose -9*a = -m*a + 3031. What is the tens digit of a?
3
Suppose 0*j = -3*f + 5*j + 21091, 5*j = 20. What is the thousands digit of f?
7
Let a be 5355 + (-7 - (-1 + -9)). Suppose -15*q + a = -4557. What is the hundreds digit of q?
6
Let d be 2/(-4) + 22/4 + 0. Let z(u) = -u**2 - 9 - d*u + 55 + 3*u. What is the tens digit of z(0)?
4
Suppose h + h - i - 937 = 0, -5*h = -i - 2335. Suppose -b - 299 = -2*z, 0*z - 3*z = -5*b - h. Suppose -4*d - z = -7*d. What is the tens digit of d?
4
Let l = -42 - -31. Let k(z) = -z**3 - 8*z**2 + 32*z + 2. Let m be k(l). Suppose 2*t = 283 - m. What is the units digit of t?
5
Suppose -4*a - 5*r - 9 = 0, -15 - 7 = -3*a + 2*r. Suppose 7*f = -4*w + 2*f + 3169, 4*f = a*w - 3124. What is the tens digit of w?
8
Suppose g - 12 = 5*x, -g + 2*x + 6 = -0*x. What is the tens digit of (141/g)/(342/4332)?
9
What is the units digit of (225/3)/15 + 11317*2?
9
Let h(d) = 55*d + 1033. What is the tens digit of h(56)?
1
Let u be -1*(16/120 - (-28)/15). What is the tens digit of (-5)/u*256432/310?
6
Suppose 72534 = -28*t + 31*t - 4*j, 3*t - 72576 = -3*j. What is the units digit of t?
6
Suppose 18 = 3*c, -5*h = -27*c + 22*c - 30115. What is the units digit of h?
9
Suppose 0 = 7*q - 5*q - 4*b - 21066, -5*b + 21003 = 2*q. What is the thousands digit of q?
0
Suppose 2*u = -14 + 10. Let s be -5 - u - (-219)/(1/1). Suppose -s = 25*c - 29*c. What is the units digit of c?
4
Suppose 0 = 3*v + 9. Let k(b) = 4*b**2 + 11*b + 2. Let u be k(v). Suppose -i = 3*j - 88, u*j = -3*i + 139 + 121. What is the units digit of i?
5
Suppose 5*i = -3*r + 7*r - 22, 0 = 2*r + 3*i. Suppose -4*c + u + 32 = 0, -5*c + 23 = -r*u - 24. Suppose c*x = 43 + 13. What is the units digit of x?
8
Let p = 94 - 147. Let u = p - -58. Suppose -u*i - 204 = -2*x, -2*x + 4*i + 203 = -3. What is the units digit of x?
7
Let v(p) = p**3 - p**2 - 12*p + 2. Let u be v(8). Suppose -u + 1082 = 8*k. Suppose -h - 2*t + k = 0, 5*t = h + 3*h - 403. What is the units digit of h?
7
Suppose -q - 7858 = -3*q - 3*h, -q + 3938 = -3*h. What is the units digit of q?
2
Suppose 13*n = 42*n - 53882. What is the tens digit of n?
5
Let d = 63 + -81. Let y be (-2)/(-4) + (-117)/d. Suppose 0*l = -y*l + 770. What is the tens digit of l?
1
Let d(q) = -q - 3. Let y be d(-4). Let v be 38*y + -12 + 16. Let m = 76 + v. What is the units digit of m?
8
Suppose 7*j + 468 = -6*j. What is the units digit of 580 + j/(-6) + -5?
1
Let a be (52046 + 6 - 6) + (3 - 2). Suppose 60*n = 29493 + a. What is the thousands digit of n?
1
Suppose 7*a - 6444 - 7542 = 0. Suppose 5*l + o = l + a, -2*l + 1002 = -o. What is the hundreds digit of l?
5
Let n be (597 - 1)*(-2)/(-4). Let w = 172 - n. Let v = w + 133. What is the units digit of v?
7
Let z be (1 + 1 + -2)/(-2). Suppose z = d - 1, 2*u - 66 = -4*d + 22. What is the tens digit of u?
4
Let l(i) be the first derivative of 3*i**4/2 - 8*i**3/3 + 7*i**2/2 - 5*i + 49. What is the tens digit of l(5)?
8
Let a(v) = v**3 - 17*v**2 + 12*v - 33. Let w = 227 + -210. What is the units digit of a(w)?
1
Suppose 2*p - 2*s - 43188 = 0, -364*p - 86374 = -368*p + 3*s. What is the units digit of p?
2
Let y(v) = 9*v + 4. Let o be y(-1). Let c be 27 + o/(25/(-10)). Suppose -c - 1035 = -7*p. What is the units digit of p?
2
Suppose 4*q + q = r + 201, 5*q + 4*r = 221. Suppose -4*o + 61 = -5*u, 4*u + 10 - q = -o. What is the tens digit of o?
1
Suppose 0 = -4*f + 66 - 6. Suppose 14*m = f*m - 136. Let c = 205 - m. What is the tens digit of c?
6
Let r(j) = -73*j**3 + 24*j**2 + 265*j - 20. What is the tens digit of r(-9)?
5
What is the ten thousands digit of (58928/464)/((-1)/(-130))?
1
Suppose 0 = -m - 5*q - 11, -2*m - 11 - 4 = 3*q. Let b(n) = -3*n**3 + 5*n**2 + 14*n + 16. What is the hundreds digit of b(m)?
7
Let h = -58 - -796. Suppose 0 = -2*j + h + 88. What is the hundreds digit of j?
4
Let p(s) = -7*s + 1. Let a = 6 + -72. Let u = a - -65. What is the units digit of p(u)?
8
Let v = 2010 - -1207. What is the tens digit of v?
1
Let o = 20 - 25. Let r be (o/(-20))/(3/1452) - 2. Let v = 296 - r. What is the tens digit of v?
7
Suppose b + 30 = k, 5*k - 3*b - 155 = -1. What is the units digit of (-9)/(k/91 + 12/(-28))?
7
Let q(d) = -16 + 25 + 20 + 15*d + 32. What is the tens digit of q(10)?
1
Let o(q) = 4*q**2 + 7*q - 5. Suppose -2*k + 0*k + 4 = 0. Suppose -24 = -2*i + 4*n, 0 = i - k*n + 5*n + 8. What is the units digit of o(i)?
7
What is the hundreds digit of (-16145)/3*336/(-140)?
9
Suppose -167880 = 315*i - 330*i. What is the hundreds digit of i?
1
Let s = -29 + 29. Suppose 3*a - 12 = -3*f, -5*f + s*f = a - 4. Suppose -5*u + 13 = -2, -a*u + 204 = 3*p. What is the tens digit of p?
6
Suppose 3*j = 2 + 10. Let l be (-12 - 0)/j - 3. What is the tens digit of (4 - (-33)/l)*-50?
7
Suppose 14*s - 12768 = -3*z + 9*s, -z = -4*s - 4273. What is the units digit of z?
1
Suppose 3*s + 21 = -4*s. Let f be ((s + 4)*-1)/(1/1). What is the units digit of (2/6)/f*-6?
2
Let u = 4214 - -774. What is the tens digit of u?
8
What is the tens digit of 1545336/34 + (-420)/7140?
5
Let c(a) = -40*a**3 - a**2 + 27*a + 124. What is the tens digit of c(-5)?
6
Suppose -13 = -4*i - 3*l, -5*l = i - l. Let p(r) = -3 + 124*r**2 + 3*r - i - 99*r**2 - r**3. What is the units digit of p(25)?
8
Let b(i) = 291*i**3 + 2*i**2 - 4*i + 3. Let h be b(1). Let r = h - 262. What is the tens digit of r?
3
Let x(o) = 1014*o - 1605. What is the units digit of x(6)?
9
Let u be -4 + (-8)/(-1) - 1. Let l(b) = -1 - 2*b**3 + 3*b + 0*b**u - 3*b**2 + 0*b - 2*b. What is the tens digit of l(-3)?
2
Suppose 329*i = -4*q + 326*i + 112109, q - 3*i - 28031 = 0. What is the